t x(y) = -11*p(y) + 2*s(y). Let a be ((13 + 0)/(-39))/((-2)/(-24)). What is x(a)?
-17
Let y(r) be the third derivative of -r**5/60 - r**4/12 + r**3/3 - 2*r**2 + 20. Determine y(-4).
-6
Let w(m) = 9*m**2 + 12*m. Let f(t) = -4*t**2 - 5*t. Let j(o) = -5*f(o) - 2*w(o). Let b = 71 + -72. What is j(b)?
1
Let m be 3*((-49)/(-7) - 6). Let w(s) be the second derivative of 1/12*s**4 + 0*s**2 - 3*s + 2/3*s**m + 0. What is w(-5)?
5
Suppose 3*j + 2 = 14. Let s(y) = -3*y + 1. Let a(l) = 11*l - 3. Let m(r) = -a(r) - 4*s(r). Determine m(j).
3
Let d(t) = 4*t - 3. Let c = -54 - -54. Suppose c = -5*n - 23 + 38. Determine d(n).
9
Let g(u) = -20*u**3 - 47*u**2 - 19*u - 4. Let d(o) = -7*o**3 - 16*o**2 - 7*o - 1. Let m(t) = -17*d(t) + 6*g(t). Determine m(-11).
59
Let r = 3 + 37. Suppose 4*y - r = 4. Let s(u) = 9 + u**2 - 5*u - 2*u**2 - y. Give s(-5).
-2
Let n(u) be the third derivative of u**5/60 - 7*u**4/24 + u**3/3 + 99*u**2 + 2. Calculate n(8).
10
Let a be 24/3*1/2. Let l be 9/(-36) - (-1)/a. Let o(h) = -h**2 - h + 6. Calculate o(l).
6
Suppose 4 + 12 = -3*q + g, 4*g + 14 = -q. Let w(y) = -y**3 + 25 - 4*y - 26 - 11*y**2 + 4*y**2. Give w(q).
-13
Let m(c) = -4*c + 5. Suppose 7*l + 8 = -f + 3*l, -4*f = 2*l - 10. Give m(f).
-11
Let b(q) = q + 4. Let l = -29 + 31. Suppose -10 = 4*j - 3*s, j + l = 2*s - s. Calculate b(j).
0
Let c(o) be the first derivative of 1/2*o**2 - 23 + 0*o + 10/3*o**3. Calculate c(1).
11
Let m(w) be the first derivative of w**2/2 + 2*w + 304. Let h be 0 + 0 + -1*4. Give m(h).
-2
Let f(z) = 0*z**3 + 6 + 2*z**3 - z**3 - 5*z**3 + 2*z - 6*z**2 + 3*z**3. Give f(-4).
-34
Let p(k) = -3*k**3 + 8*k**2 + 8*k + 11. Let n(z) = z**3 - 3*z**2 - 3*z - 4. Let w(g) = 11*n(g) + 4*p(g). Give w(-1).
1
Let m(x) be the first derivative of -8*x**3/3 - x**2/2 - x + 48. Give m(-1).
-8
Suppose u = 13 - 14. Let w(s) = 10*s**3 + s**2 + 3*s + 1. Let x(q) = -51*q**3 - 6*q**2 - 16*q - 5. Let r(g) = -11*w(g) - 2*x(g). Give r(u).
9
Let m(z) = z**2 - 18*z - 15. Let v(k) = -k**2 + 9*k + 11. Let w be v(8). Let p be m(w). Let b(g) = -g**2 + 5*g - 5. Calculate b(p).
-1
Let b(j) = j**3 + 8*j**2 - 11*j - 12. Suppose -s - 2*g = 3, -65 + 11 = 5*s - 3*g. What is b(s)?
6
Suppose 0 = -89*w + 27 + 62. Let j(f) be the second derivative of f**5/10 - f**3/6 - f. Give j(w).
1
Let a(v) = 32*v**3 - 2*v - 2. Let z be 5*(-2 + (-63)/(-35)). Give a(z).
-32
Suppose 12 = -4*l, n + 2*l + 3*l = -17. Let c be (18/(-2))/3 - n. Let d(i) = 5*i - i**2 - 1 - 6*i - i. What is d(c)?
0
Let p(w) be the second derivative of w**3/6 + w**2/2 + 26*w - 7. Let t be 10 + -13 + -1 + -1. Give p(t).
-4
Let k(j) = 97*j + 94*j - 189*j. Calculate k(2).
4
Let t be 40/(-7) + (-28)/98. Suppose 3*n + 1 - 7 = 0. Let x(p) = -2*p + n - 4 - 6. Calculate x(t).
4
Let z(m) = m**2 + 9*m + 11. Let s be z(-9). Let t = s + -13. Let f be 44/16 - t/8. Let w(k) = -k**2 - 2*k - 3. What is w(f)?
-18
Suppose m = 2*w - 3*m + 2, 2*m - 5 = -3*w. Let b(g) = -3*g**2 + 5*g - 4. Calculate b(w).
-2
Let y(f) = -2*f**3 + 5*f**2 + f - 3. Suppose 283*x = 293*x - 20. Give y(x).
3
Suppose -z - 10 = z. Let p be 20/(-6)*6/z. Let t(o) = -1. Let w(g) = g**3 - 5*g**2 + 5*g - 6. Let v(c) = 4*t(c) - w(c). Give v(p).
-2
Let g(m) = -4*m + 43. Suppose -1030 = -82*q - 210. What is g(q)?
3
Let y(f) be the first derivative of f**5/60 - 5*f**4/24 + f**3/3 - f**2 + 5. Let u(d) be the second derivative of y(d). Let l be 1 + (-3)/(-3 - 0). Give u(l).
-4
Let g(k) = k**2 + 7*k + 6. Let h(q) = q**2 + 14*q - 127. Let s be h(-20). Determine g(s).
6
Let c(g) = -10 + 1 - 3*g - 4*g + 5*g. Let t = -34 - -27. Determine c(t).
5
Let h(j) = 4 - 3 - 231*j + 210*j. What is h(1)?
-20
Suppose 0 = c + 23*c + 24. Let t(q) = 1 + q**3 + 3*q**2 + q - 4*q**2 + 0*q**2. Let j(g) = -4*g**3 - 2*g**2 + 2*g + 1. Let p(l) = -j(l) + 2*t(l). Give p(c).
-5
Let d(j) = j**3 + 3*j**2 - 4. Let x(g) = g**2 + 6*g + 21. Let t be x(-6). Suppose -t*v = -26*v - 15. Calculate d(v).
-4
Let w(o) = o**2 - 4*o + 6. Let u be w(2). Let q(y) = 5 - 11*y - 20*y - u + 33*y. Calculate q(4).
11
Let c(d) be the second derivative of -d**3/6 + 5*d**2/2 + 5*d - 5. Calculate c(-10).
15
Let v(m) = 11*m + 2. Suppose 4*r = -5*u + 27, 1 = -3*u + 2*r + 4. Let f(k) = k + 1. Let b(p) = u*f(p) - v(p). What is b(1)?
-7
Let k = 359 - 363. Let b(w) = -4*w**3 - 2*w. Let r(p) = 3*p**3 - p**2 + p + 1. Let c(j) = -4*b(j) - 5*r(j). What is c(k)?
-1
Let g(n) = 3*n + 29. Suppose 3 + 21 = -3*z. Let l be g(z). Let q(p) = p**3 - 4*p**2 - 6*p + 2. Give q(l).
-3
Let n(p) = 4*p**2 + 11*p + 7. Let k(m) = 7*m**2 + 20*m + 14. Let g(a) = -3*k(a) + 5*n(a). Determine g(-5).
-7
Let c(x) = x**2 + 10*x + 18. Let k be c(-2). Let v(q) = q - 2. Calculate v(k).
0
Suppose 0*s - 31 = 3*f - s, -4*f - 3*s - 50 = 0. Let z = f + 13. Let u(q) = 3 + z*q - 3*q - 6*q + 6*q. Determine u(-5).
8
Let x(b) = b**3 - 5*b**2 - 6*b + 4. Suppose l - 38 = -l. Suppose 0 = v + w + l, -3*v = 5*w - 6*w + 61. Let a be ((-10)/v)/((-2)/(-24)). What is x(a)?
4
Let b(z) = -z - 2. Let y(q) = q**2 + 6*q - 2. Let t be y(-4). Let w be b(t). Suppose -w*r = -4*r - 24. Let m(d) = d**3 - 7*d**2 + 6*d - 2. Calculate m(r).
-2
Let p(g) = -g**3 + 16*g**2 - 15*g + 4. Let l be p(15). Let o(u) = -3*u - 3 + l*u + u. Give o(-4).
-11
Let f(s) = -2*s + 22. Let o be f(16). Let a be o/4 - 2/4. Let z(k) = k**2 + 4*k + 4. Calculate z(a).
1
Let k(f) = f**3 + 8*f**2 - 3. Let o(l) = -l + 2. Let t be o(10). What is k(t)?
-3
Suppose -2*t + 5 = -0*i + i, 3*t - 12 = 3*i. Let u be 133/(-14) + t/2. Let p(r) = r**2 + 7*r - 8. Calculate p(u).
0
Let a(w) be the first derivative of w**3/6 - 3*w**2/2 + w + 1. Let x(h) be the first derivative of a(h). Determine x(-5).
-8
Let m = -184 + 181. Let c(s) = s**3 + 5*s**2 + 4*s + 3. Give c(m).
9
Let y(h) be the second derivative of 0*h**2 + 1/120*h**5 - 1/3*h**3 - 1/6*h**4 - 9*h + 0. Let f(i) be the second derivative of y(i). Give f(5).
1
Let f = 2062 - 2059. Let h(y) = 3 + 13*y - 5*y - 1. Determine h(f).
26
Suppose -5*g = 7*a - 2*a - 35, 5*a + 42 = 2*g. Suppose -7 = u - g. Suppose 3*w + 15 = -4*p, 0 = p - 2*p - u*w - 20. Let l(i) = -i**2 + i. Determine l(p).
0
Let n(t) be the third derivative of t**9/60480 + t**8/4032 + t**7/5040 + t**6/144 - t**5/60 - 3*t**2. Let j(w) be the third derivative of n(w). Determine j(-5).
0
Suppose -f - 24 - 4 = 0. Let v = f - -34. Let d(b) be the second derivative of -b**4/12 + 5*b**3/6 + 2*b. Determine d(v).
-6
Let a(r) = 2*r**2 - 12*r + 4. Suppose 27*p = -4*q + 22*p + 44, 5*q - 5*p - 10 = 0. Calculate a(q).
4
Let p(s) = -s - 1. Suppose 0 = 4*d - 2 - 6. Suppose 0 = -2*h + 2, -d*z - 2*h + 7 = -3*z. Give p(z).
4
Let l(r) be the first derivative of 1/3*r**3 + 4*r**2 - 9 - 2*r. Determine l(-7).
-9
Suppose 0 = -5*i - 182 + 222. Let w(y) = -y**2 + 6*y + 11. Give w(i).
-5
Let a(w) = 3 - w**3 + 5*w + 4*w**2 - 3*w + 0*w**3. Let i(d) = 16*d + 4. Let y be i(0). Determine a(y).
11
Let v = -82 + 109. Suppose 14 = 5*k + 4, 5*z + v = k. Let f(r) = -r**2 - 8*r + 2. Determine f(z).
17
Let p(k) = -k**2 + 9*k - 8. Let v be ((-39)/(-26))/((-3)/(-106)). Let d = -13 + v. Let f = -32 + d. What is p(f)?
0
Let k(j) = -j**3 + 5*j**2 - 3*j - 3. Suppose 25 - 9 = 4*u. Determine k(u).
1
Let z(r) = r**3 - 5*r**2 + 5*r - 3. Let g(x) = 14*x - 2. Let v be g(1). Let s = -9 + v. What is z(s)?
-6
Let d(w) = w**2 - 14*w. Let h(j) = -j**2 + 10*j + 1. Let l(a) = 3*d(a) + 4*h(a). Give l(-3).
1
Let d(u) = 5*u**3 - u**2 + u + 1. Suppose 21*r + 264 = 243. Calculate d(r).
-6
Suppose 9*v = 6*v - 3. Let g(b) = -4*b - 4. Let t(l) = -5*l - 3. Let c(s) = -4*g(s) + 5*t(s). Determine c(v).
10
Let i(c) = 68*c**2 - 8 - 2*c + 10*c - c**3 - 62*c**2. Let l be (28/6)/(16/24). Determine i(l).
-1
Let k(y) = -2*y - 1. Let l be k(1). Let s(i) = 9*i**2 - 21*i - 2. Let r(x) = 2*x**2 - 6*x. Let a(b) = 4*r(b) - s(b). What is a(l)?
2
Let u(y) = y**2 + 3. Suppose 0*j = 4*j + 4*j. Let v be u(j). Let w(g) = -3*g**2 + 4*g - 1. What is w(v)?
-16
Let b(d) be the first derivative of -d**5/30 - d**4/3 - 2*d**3/3 - 43*d**2/2 + 42. Let s(g) be the second derivative of b(g). Let a = 8 + -13. What is s(a)?
-14
Let l(f) be the third derivative of -5*f**4/24 - 19*f**3/6 - 22*f**2. Let i(t) = 6*t + 19. Let k(b) = 4*i(b) + 5*l(b). What is k(-8)?
-11
Let b(j) = 7*j - 3. Let c be b(0). Let f(d) = d + 9. Let x be f(c). Let r(h) = -2*h + 6. Give r